{"id":62,"date":"2019-07-14T19:42:35","date_gmt":"2019-07-14T17:42:35","guid":{"rendered":"http:\/\/orcilly.fr\/?page_id=62"},"modified":"2021-04-05T18:43:22","modified_gmt":"2021-04-05T16:43:22","slug":"une-histoire-de-famille","status":"publish","type":"page","link":"https:\/\/orcilly.fr\/index.php\/une-histoire-de-famille\/","title":{"rendered":"Une histoire de famille"},"content":{"rendered":"\n<p>La Maison Dumont est \u00e0 la t\u00eate d&rsquo;un domaine historique d\u2019embouche (nom traditionnel donn\u00e9 \u00e0 l\u2019<strong>engraissement uniquement \u00e0 l\u2019herbe<\/strong>) de la vall\u00e9e de l\u2019Arconce (Sa\u00f4ne-et-Loire).  <\/p>\n\n\n\n<p>N\u00e9gociant-\u00e9leveur dans l\u2019\u00e2me, la Maison demeure<strong> ind\u00e9pendante et familiale<\/strong>, avec \u00e0 sa t\u00eate la 3<sup>e<\/sup> g\u00e9n\u00e9ration exploitant le domaine.<\/p>\n\n\n\n<!--more-->\n\n\n\n<p>La famille Dumont, quittant le domaine de la Noue moins fertile, s\u2019implante au lieu-dit Orcilly dans les ann\u00e9es 1920-1930. Totalement divis\u00e9 peu apr\u00e8s la r\u00e9volution, le domaine ne compte plus alors que la maison principale et quelques prairies. La famille va patiemment reconstituer une grande partie des propri\u00e9t\u00e9s d\u2019<strong>Orcilly, fiert\u00e9 de la famille de L\u00e9vis, seigneurs puis barons de Lugny, du XV<\/strong><sup>e<\/sup><strong> au XIX<\/strong><sup>e<\/sup><strong> si\u00e8cle.<\/strong>   <\/p>\n\n\n\n<figure class=\"wp-block-image\"><img loading=\"lazy\" width=\"1024\" height=\"714\" src=\"http:\/\/orcilly.fr\/wp-content\/uploads\/2019\/07\/domaine-dorcilly-1024x714.jpg\" alt=\"\" class=\"wp-image-82\" srcset=\"https:\/\/orcilly.fr\/wp-content\/uploads\/2019\/07\/domaine-dorcilly-1024x714.jpg 1024w, https:\/\/orcilly.fr\/wp-content\/uploads\/2019\/07\/domaine-dorcilly-300x209.jpg 300w, https:\/\/orcilly.fr\/wp-content\/uploads\/2019\/07\/domaine-dorcilly-768x536.jpg 768w, https:\/\/orcilly.fr\/wp-content\/uploads\/2019\/07\/domaine-dorcilly.jpg 1269w\" sizes=\"(max-width: 706px) 89vw, (max-width: 767px) 82vw, 740px\" \/><figcaption>LUGNY-Les-CHAROLLES &#8211; Vue d&rsquo;Orcilly.  Ed. a\u00e9riennes \u00ab&nbsp;CIM&nbsp;\u00bb. Combier, M\u00e2con, ann\u00e9es 1950\/60. (Source : Collection Dumont d&rsquo;Orcilly)<\/figcaption><\/figure>\n\n\n\n<p>Nos anc\u00eatres, <strong>d\u00e8s le XVIII<\/strong><sup>e<\/sup><strong> si\u00e8cle<\/strong> et jusqu\u2019en 1867, transportent de Bourgogne jusqu\u2019aux <strong>march\u00e9s de Poissy et de Sceaux,<\/strong> nombre d\u2019animaux pour le plus grand bonheur des clients parisiens.  <\/p>\n\n\n\n<figure class=\"wp-block-image size-large\"><img loading=\"lazy\" width=\"1024\" height=\"553\" src=\"http:\/\/orcilly.fr\/wp-content\/uploads\/2020\/02\/March\u00e9-de-poissy-1024x553.jpg\" alt=\"\" class=\"wp-image-336\" srcset=\"https:\/\/orcilly.fr\/wp-content\/uploads\/2020\/02\/March\u00e9-de-poissy-1024x553.jpg 1024w, https:\/\/orcilly.fr\/wp-content\/uploads\/2020\/02\/March\u00e9-de-poissy-300x162.jpg 300w, https:\/\/orcilly.fr\/wp-content\/uploads\/2020\/02\/March\u00e9-de-poissy-768x415.jpg 768w, https:\/\/orcilly.fr\/wp-content\/uploads\/2020\/02\/March\u00e9-de-poissy-1536x829.jpg 1536w, https:\/\/orcilly.fr\/wp-content\/uploads\/2020\/02\/March\u00e9-de-poissy.jpg 1543w\" sizes=\"(max-width: 706px) 89vw, (max-width: 767px) 82vw, 740px\" \/><figcaption>Le march\u00e9 de Poissy en 1830. Ed. anonyme, d\u00e9but XX<sup>e<\/sup>.  (Source : collection Dumont d&rsquo;Orcilly)<\/figcaption><\/figure>\n\n\n\n<p>Antonin puis Pierre Dumont, 1<sup>e<\/sup> et 2<sup>e<\/sup> g\u00e9n\u00e9rations sur le domaine d\u2019Orcilly, prendront \u00e0 maintes reprises le \u00ab&nbsp;train aux bestiaux&nbsp;\u00bb \u00e0 Saint-Julien-de-Civry (71) pour amener leurs animaux au <strong>march\u00e9 de la Villette, ouvert par le Baron Haussman en 1867<\/strong>.  Pendant son enfance, Bernard Dumont, l&rsquo;exploitant actuel, aura la chance d\u2019entendre le fameux coup  de cloche qui raisonne encore dans sa t\u00eate aujourd\u2019hui, signalant le d\u00e9but des ventes du march\u00e9. <\/p>\n\n\n\n<figure class=\"wp-block-image size-large\"><img loading=\"lazy\" width=\"992\" height=\"692\" src=\"http:\/\/orcilly.fr\/wp-content\/uploads\/2020\/02\/March\u00e9-de-la-Vilette.jpg\" alt=\"\" class=\"wp-image-338\" srcset=\"https:\/\/orcilly.fr\/wp-content\/uploads\/2020\/02\/March\u00e9-de-la-Vilette.jpg 992w, https:\/\/orcilly.fr\/wp-content\/uploads\/2020\/02\/March\u00e9-de-la-Vilette-300x209.jpg 300w, https:\/\/orcilly.fr\/wp-content\/uploads\/2020\/02\/March\u00e9-de-la-Vilette-768x536.jpg 768w\" sizes=\"(max-width: 706px) 89vw, (max-width: 767px) 82vw, 740px\" \/><figcaption>75 &#8211; PARIS. La Villette pittoresque : un march\u00e9 aux b\u0153ufs dans la grande halle. Ed. CPM, ann\u00e9es 1950\/60. (Source : Collection Dumont d&rsquo;Orcilly)<\/figcaption><\/figure>\n\n\n\n<p> En 1973, et apr\u00e8s plus de cent ans de bons et loyaux services, la vieille halle aux b\u0153ufs de la Villette fait place au pavillon pour la viande de boucherie de <strong>Rungis<\/strong>, dans lequel les petits producteurs perdront leur place. <strong> Face \u00e0 la mont\u00e9e en puissance de l\u2019agriculture de masse et priv\u00e9e de sa vitrine parisienne, la fili\u00e8re traditionnelle s\u2019effondre peu \u00e0 peu.  <\/strong><\/p>\n\n\n\n<p> Dans les ann\u00e9es 1980, la famille finit par convertir le domaine d\u2019embouche en \u00e9levage classique. Cependant, hier comme aujourd&rsquo;hui, nous tenons t\u00eate aux mauvais aspects de la modernit\u00e9 qui risquent d\u2019alt\u00e9rer nos pr\u00e9cieuses prairies. Nous <strong>refusons donc cat\u00e9goriquement les technique industrielles de type<\/strong> <strong>remembrement, arrachage des haies, usage des engrais chimiques et des pesticides<\/strong>. Nous sommes convaincus que l\u2019avenir confirmera nos convictions.  <br><\/p>\n\n\n\n<p><\/p>\n","protected":false},"excerpt":{"rendered":"<p>La Maison Dumont est \u00e0 la t\u00eate d&rsquo;un domaine historique d\u2019embouche (nom traditionnel donn\u00e9 \u00e0 l\u2019engraissement uniquement \u00e0 l\u2019herbe) de la vall\u00e9e de l\u2019Arconce (Sa\u00f4ne-et-Loire). N\u00e9gociant-\u00e9leveur dans l\u2019\u00e2me, la Maison demeure ind\u00e9pendante et familiale, avec \u00e0 sa t\u00eate la 3e g\u00e9n\u00e9ration exploitant le domaine.<\/p>\n","protected":false},"author":1,"featured_media":34,"parent":0,"menu_order":0,"comment_status":"closed","ping_status":"closed","template":"","meta":[],"_links":{"self":[{"href":"https:\/\/orcilly.fr\/index.php\/wp-json\/wp\/v2\/pages\/62"}],"collection":[{"href":"https:\/\/orcilly.fr\/index.php\/wp-json\/wp\/v2\/pages"}],"about":[{"href":"https:\/\/orcilly.fr\/index.php\/wp-json\/wp\/v2\/types\/page"}],"author":[{"embeddable":true,"href":"https:\/\/orcilly.fr\/index.php\/wp-json\/wp\/v2\/users\/1"}],"replies":[{"embeddable":true,"href":"https:\/\/orcilly.fr\/index.php\/wp-json\/wp\/v2\/comments?post=62"}],"version-history":[{"count":28,"href":"https:\/\/orcilly.fr\/index.php\/wp-json\/wp\/v2\/pages\/62\/revisions"}],"predecessor-version":[{"id":384,"href":"https:\/\/orcilly.fr\/index.php\/wp-json\/wp\/v2\/pages\/62\/revisions\/384"}],"wp:featuredmedia":[{"embeddable":true,"href":"https:\/\/orcilly.fr\/index.php\/wp-json\/wp\/v2\/media\/34"}],"wp:attachment":[{"href":"https:\/\/orcilly.fr\/index.php\/wp-json\/wp\/v2\/media?parent=62"}],"curies":[{"name":"wp","href":"https:\/\/api.w.org\/{rel}","templated":true}]}}

<p>La Maison Dumont est à la tête d&rsquo;un domaine historique d’embouche (nom traditionnel donné à l’<strong>engraissement uniquement à l’herbe</strong>) de la vallée de l’Arconce (Saône-et-Loire).  </p>



<p>Négociant-éleveur dans l’âme, la Maison demeure<strong> indépendante et familiale</strong>, avec à sa tête la 3<sup>e</sup> génération exploitant le domaine.</p>



<!--more-->



<p>La famille Dumont, quittant le domaine de la Noue moins fertile, s’implante au lieu-dit Orcilly dans les années 1920-1930. Totalement divisé peu après la révolution, le domaine ne compte plus alors que la maison principale et quelques prairies. La famille va patiemment reconstituer une grande partie des propriétés d’<strong>Orcilly, fierté de la famille de Lévis, seigneurs puis barons de Lugny, du XV</strong><sup>e</sup><strong> au XIX</strong><sup>e</sup><strong> siècle.</strong>   </p>



<figure class="wp-block-image"><img loading="lazy" width="1024" height="714" src="http://orcilly.fr/wp-content/uploads/2019/07/domaine-dorcilly-1024x714.jpg" alt="" class="wp-image-82" srcset="https://orcilly.fr/wp-content/uploads/2019/07/domaine-dorcilly-1024x714.jpg 1024w, https://orcilly.fr/wp-content/uploads/2019/07/domaine-dorcilly-300x209.jpg 300w, https://orcilly.fr/wp-content/uploads/2019/07/domaine-dorcilly-768x536.jpg 768w, https://orcilly.fr/wp-content/uploads/2019/07/domaine-dorcilly.jpg 1269w" sizes="(max-width: 706px) 89vw, (max-width: 767px) 82vw, 740px" /><figcaption>LUGNY-Les-CHAROLLES &#8211; Vue d&rsquo;Orcilly.  Ed. aériennes «&nbsp;CIM&nbsp;». Combier, Mâcon, années 1950/60. (Source : Collection Dumont d&rsquo;Orcilly)</figcaption></figure>



<p>Nos ancêtres, <strong>dès le XVIII</strong><sup>e</sup><strong> siècle</strong> et jusqu’en 1867, transportent de Bourgogne jusqu’aux <strong>marchés de Poissy et de Sceaux,</strong> nombre d’animaux pour le plus grand bonheur des clients parisiens.  </p>



<figure class="wp-block-image size-large"><img loading="lazy" width="1024" height="553" src="http://orcilly.fr/wp-content/uploads/2020/02/Marché-de-poissy-1024x553.jpg" alt="" class="wp-image-336" srcset="https://orcilly.fr/wp-content/uploads/2020/02/Marché-de-poissy-1024x553.jpg 1024w, https://orcilly.fr/wp-content/uploads/2020/02/Marché-de-poissy-300x162.jpg 300w, https://orcilly.fr/wp-content/uploads/2020/02/Marché-de-poissy-768x415.jpg 768w, https://orcilly.fr/wp-content/uploads/2020/02/Marché-de-poissy-1536x829.jpg 1536w, https://orcilly.fr/wp-content/uploads/2020/02/Marché-de-poissy.jpg 1543w" sizes="(max-width: 706px) 89vw, (max-width: 767px) 82vw, 740px" /><figcaption>Le marché de Poissy en 1830. Ed. anonyme, début XX<sup>e</sup>.  (Source : collection Dumont d&rsquo;Orcilly)</figcaption></figure>



<p>Antonin puis Pierre Dumont, 1<sup>e</sup> et 2<sup>e</sup> générations sur le domaine d’Orcilly, prendront à maintes reprises le «&nbsp;train aux bestiaux&nbsp;» à Saint-Julien-de-Civry (71) pour amener leurs animaux au <strong>marché de la Villette, ouvert par le Baron Haussman en 1867</strong>.  Pendant son enfance, Bernard Dumont, l&rsquo;exploitant actuel, aura la chance d’entendre le fameux coup  de cloche qui raisonne encore dans sa tête aujourd’hui, signalant le début des ventes du marché. </p>



<figure class="wp-block-image size-large"><img loading="lazy" width="992" height="692" src="http://orcilly.fr/wp-content/uploads/2020/02/Marché-de-la-Vilette.jpg" alt="" class="wp-image-338" srcset="https://orcilly.fr/wp-content/uploads/2020/02/Marché-de-la-Vilette.jpg 992w, https://orcilly.fr/wp-content/uploads/2020/02/Marché-de-la-Vilette-300x209.jpg 300w, https://orcilly.fr/wp-content/uploads/2020/02/Marché-de-la-Vilette-768x536.jpg 768w" sizes="(max-width: 706px) 89vw, (max-width: 767px) 82vw, 740px" /><figcaption>75 &#8211; PARIS. La Villette pittoresque : un marché aux bœufs dans la grande halle. Ed. CPM, années 1950/60. (Source : Collection Dumont d&rsquo;Orcilly)</figcaption></figure>



<p> En 1973, et après plus de cent ans de bons et loyaux services, la vieille halle aux bœufs de la Villette fait place au pavillon pour la viande de boucherie de <strong>Rungis</strong>, dans lequel les petits producteurs perdront leur place. <strong> Face à la montée en puissance de l’agriculture de masse et privée de sa vitrine parisienne, la filière traditionnelle s’effondre peu à peu.  </strong></p>



<p> Dans les années 1980, la famille finit par convertir le domaine d’embouche en élevage classique. Cependant, hier comme aujourd&rsquo;hui, nous tenons tête aux mauvais aspects de la modernité qui risquent d’altérer nos précieuses prairies. Nous <strong>refusons donc catégoriquement les technique industrielles de type</strong> <strong>remembrement, arrachage des haies, usage des engrais chimiques et des pesticides</strong>. Nous sommes convaincus que l’avenir confirmera nos convictions.  <br></p>



<p></p>

<p>La Maison Dumont est à la tête d&rsquo;un domaine historique d’embouche (nom traditionnel donné à l’engraissement uniquement à l’herbe) de la vallée de l’Arconce (Saône-et-Loire). Négociant-éleveur dans l’âme, la Maison demeure indépendante et familiale, avec à sa tête la 3e génération exploitant le domaine.</p>
